**3 - 3*t**2 - 4*t - 2. What is v(-3)?
10
Let a(h) = 3*h**3 - 118*h**2 + 38*h + 37. Give a(39).
-2
Let o(i) = -i**2 + 23*i + 24. Give o(24).
0
Let y(d) = 2*d**2 + 36*d + 20. What is y(-14)?
-92
Let u(m) = m**2 - 2*m - 77. Give u(-8).
3
Let n(y) = -y**3 + 9*y**2 + y - 19. Give n(9).
-10
Let x(y) = -y**2 + 4*y + 5. Give x(-5).
-40
Let h(r) = -r**3 - 2*r**2 + 10*r + 5. Determine h(-4).
-3
Let q(g) = -2*g + 25. Give q(12).
1
Let d(u) = -3*u - 44. Calculate d(-12).
-8
Let l(o) = -14*o + 1. Determine l(1).
-13
Let x(v) = -v**2 + 6*v + 2. Give x(7).
-5
Let q(i) = 19*i - 243. Give q(13).
4
Let t(i) = 5*i - 74. Give t(12).
-14
Let d(x) = -x**2 - 2*x + 5. Calculate d(3).
-10
Let t(d) = d**2 - 15*d + 16. What is t(12)?
-20
Let u(g) = 23*g - 131. Determine u(5).
-16
Let m(f) = -2*f**2 + 9*f - 9. Give m(7).
-44
Let p(y) = -y**3 + 26*y**2 + 55*y + 43. Calculate p(28).
15
Let d(l) = l**3 + 3*l**2 - 3*l - 1. Give d(-2).
9
Let g(p) = p**3 - 4*p**2 + 3*p + 1. Give g(3).
1
Let l(c) = c**3 - 19*c**2 + 17*c + 22. What is l(18)?
4
Let i(o) = -o**2 - 10*o. Determine i(-10).
0
Let g(m) = m + 12. What is g(11)?
23
Let n(w) = 3*w + 5. Give n(5).
20
Let n(y) = y**2 + 6*y - 4. Calculate n(-4).
-12
Let d(p) = -p**3 - p**2 + 4*p. Give d(2).
-4
Let x(b) = 3*b**2 - 43*b + 18. Determine x(14).
4
Let c(t) = t - 49. Give c(51).
2
Let c(g) = -g**2 - 24*g + 12. Calculate c(-24).
12
Let j(p) = -p**3 + 22*p**2 + 4. Determine j(22).
4
Let a(o) = 4*o - 3. Give a(5).
17
Let c(o) = -3*o - 103. Give c(-32).
-7
Let u(i) = -105*i - 313. Calculate u(-3).
2
Let t(m) = -m**2 - 3*m - 6. Calculate t(-5).
-16
Let d(m) = 3*m**2 - 2*m + 2. Calculate d(1).
3
Let o(h) = -7*h**3. What is o(1)?
-7
Let v(t) = -11*t**2 + 5*t + 16. Calculate v(-3).
-98
Let c(y) = 2*y**2 - 87*y + 256. Give c(3).
13
Let y(c) = 5*c + 12. What is y(-5)?
-13
Let j(v) = -v**3 + 7*v**2 + 6*v + 10. What is j(8)?
-6
Let i(b) = b**3 - 2*b**2 - 7*b + 2. Determine i(-2).
0
Let y(g) = -2*g**2 - 11*g + 8. Determine y(-8).
-32
Let j(s) = -s**3 + 10*s**2 + 9*s + 9. Give j(11).
-13
Let q(s) = -s**3 + 22*s**2 - 117*s + 3. Give q(13).
3
Let v(h) = -h**3 + 2*h**2 + 11*h - 45. What is v(3)?
-21
Let o(m) = 13*m + 24. Calculate o(-6).
-54
Let j(l) = l**3 + 7*l**2 + 7*l + 3. Give j(-5).
18
Let j(k) = -k**2 - 10*k - 24. Give j(-8).
-8
Let s(x) = 14*x + 3. Calculate s(2).
31
Let k(u) = -2*u**2 - 72*u. Give k(-36).
0
Let a(w) = w**3 + 40*w**2 + 41*w + 79. Give a(-39).
1
Let f(l) = -17*l**3 + l**2 - 6*l + 5. Calculate f(2).
-139
Let n(z) = -6*z**2 + 2*z - 1. Calculate n(-2).
-29
Let c(z) = -2*z**3 - 73*z**2 + 36*z - 20. Determine c(-37).
17
Let s(g) = g**2 - 11*g + 5. Calculate s(7).
-23
Let l(m) = m**3 - 7*m**2 + 8*m - 2. What is l(6)?
10
Let n(l) = l**2 + 4*l - 2. Calculate n(-4).
-2
Let k(t) = -2*t**2 + 88*t + 6. Give k(44).
6
Let v(n) = 5*n + 8. Calculate v(7).
43
Let z(x) = 2*x**2 + 14*x - 75. Give z(-10).
-15
Let o(n) = -13*n**3 - 2*n**2 + 1. Give o(-1).
12
Let p(o) = -o**2 - 12*o - 31. Calculate p(-9).
-4
Let f(k) = 2*k + 5. Give f(-15).
-25
Let n(w) = -26*w - 73. Give n(-6).
83
Let b(k) = k**3 + 14*k**2 + 17*k - 22. What is b(-12)?
62
Let b(y) = -y**3 - 11*y**2 + 2*y - 2. Determine b(-11).
-24
Let j(q) = -q**2 + 25*q - 11. Calculate j(6).
103
Let k(i) = -4*i**2 - 44*i - 3. Give k(-11).
-3
Let v(c) = -c**2 + 7*c + 19. What is v(9)?
1
Let s(o) = -o**3 + 14*o**2 - 47*o - 4. Calculate s(7).
10
Let v(s) = -s**2 - 11*s + 7. Determine v(-11).
7
Let m(q) = 16*q + 2. Calculate m(-1).
-14
Let k(c) = c**3 - 14*c**2 - 16*c + 23. Determine k(15).
8
Let o(q) = -7*q + 166. What is o(23)?
5
Let m(r) = -r**3 - 3*r**2 - 5. What is m(-4)?
11
Let z(i) = -5*i**3 - 2*i**2 + i + 2. Calculate z(2).
-44
Let c(d) = d**3 - 17*d**2 + 25*d + 81. What is c(15)?
6
Let m(x) = -x**2 - 6*x - 10. Give m(-9).
-37
Let k(i) = -i**3 - 9*i**2 + 7*i - 1. What is k(-10)?
29
Let n(z) = -16*z - 17. What is n(-2)?
15
Let g(n) = -4*n**2 - 2*n + 2. What is g(2)?
-18
Let n(a) = a**2 + a. What is n(-3)?
6
Let r(v) = v + 8. Calculate r(0).
8
Let r(n) = n**3 - 2*n**2 + 2*n - 1. Calculate r(0).
-1
Let c(h) = h**3 + 17*h**2 - h + 7. What is c(-17)?
24
Let t(i) = -10*i + 1. Calculate t(1).
-9
Let x(r) = r**2 + 6*r + 8. Determine x(-8).
24
Let b(n) = -n**3 - 13*n**2 + 18*n + 20. Determine b(-14).
-36
Let b(u) = u**3 + 7*u**2 + 5*u - 2. Calculate b(-6).
4
Let f(v) = -2*v + 14. Calculate f(6).
2
Let b(n) = -14*n**2. Calculate b(1).
-14
Let a(k) = -47*k + 1. What is a(1)?
-46
Let w(a) = -a**3 - 15*a**2 - 16*a - 12. Determine w(-14).
16
Let f(y) = y**2 - 22*y - 213. What is f(-7)?
-10
Let s(i) = i**3 - 19*i**2 + 12. Calculate s(19).
12
Let v(x) = x**2 - 9*x + 7. Determine v(6).
-11
Let x(d) = d**3 + 23*d**2 + 57*d - 51. What is x(-20)?
9
Let n(x) = 5*x + 39. What is n(-4)?
19
Let p(a) = a**3 + 3*a**2 - 5*a + 12. Determine p(-5).
-13
Let f(h) = -h**3 - 9*h**2 + 26*h - 2. What is f(2)?
6
Let i(n) = n**2 + 8*n + 4. Give i(-7).
-3
Let k(n) = n**2 - 14*n + 42. Give k(10).
2
Let o(g) = -g**3 - 6*g**2 - 6*g - 5. Give o(-3).
-14
Let w(v) = 12*v + 27. What is w(-6)?
-45
Let w(v) = v**2 - 10*v + 2. What is w(11)?
13
Let k(q) = q**2 - q - 36. Calculate k(-6).
6
Let g(s) = -s**2 - 7*s - 2. Give g(-8).
-10
Let l(k) = k**2 + 6*k - 5. What is l(-8)?
11
Let v(n) = -n**3 - 3*n**2 + 7*n - 1. Give v(-5).
14
Let x(t) = 2*t**2 - 3*t - 8. Calculate x(-3).
19
Let b(i) = -4*i + 4. Determine b(0).
4
Let z(j) = -8*j - 29. What is z(-4)?
3
Let n(j) = -2*j**3 - 12*j**2 - 7*j - 3. Calculate n(-6).
39
Let v(d) = d**2 - 25*d + 46. Calculate v(22).
-20
Let n(t) = -6*t + 14. Give n(5).
-16
Let a(q) = 7*q - 2. Give a(3).
19
Let h(v) = v**2 - 11*v - 9. Calculate h(-4).
51
Let j(u) = -2*u**3 + 93*u**2 + 144*u + 7. Give j(48).
7
Let j(b) = 4*b**2 - 4*b - 3. What is j(-3)?
45
Let v(x) = -x**2 - 23*x - 140. What is v(-9)?
-14
Let b(m) = m**2 + 9*m - 5. What is b(-10)?
5
Let k(f) = f**3 - 18*f**2 + 15*f + 41. What is k(17)?
7
Let j(f) = 20*f**2. What is j(-2)?
80
Let b(f) = -4*f + 120. Give b(35).
-20
Let n(a) = -9*a**2 + a. Determine n(1).
-8
Let r(t) = t + 11. Determine r(-9).
2
Let k(w) = -w**3 - 9*w**2 - w + 48. What is k(-8)?
-8
Let c(k) = k**2 + 16*k. What is c(-15)?
-15
Let l(i) = i**3 - 7*i**2 + 5*i + 10. Calculate l(6).
4
Let z(t) = -5*t**2 - 29*t - 2. Give z(-6).
-8
Let i(o) = 8*o - 520. Give i(64).
-8
Let d(y) = -20*y + 4. What is d(1)?
-16
Let y(x) = -4*x - 23. Determine y(-5).
-3
Let o(j) = j**3 + 4*j**2 - 8*j - 22. Give o(-4).
10
Let u(v) = v**3 + 29*v**2 - 32*v - 52. Calculate u(-30).
8
Let k(v) = v**3 + 6*v**2 - 6*v - 6. Calculate k(-7).
-13
Let o(m) = -2*m**3 - 9*m**2 - 11*m - 6. What is o(-4)?
22
Let w(g) = g**2 - 7*g. Give w(6).
-6
Let d(j) = -j**3 + 2*j**2 - 3*j + 5. Determine d(2).
-1
Let w(d) = d - 1. What is w(1)?
0
Let c(w) = -6*w + 7. What is c(4)?
-17
Let c(n) = -21*n**2 - 3*n + 3. Give c(2).
-87
Let c(t) = -9*t**2 + 6*t - 5. Determine c(1).
-8
Let m(c) = -c**3 - 2*c**2 - 2. Calculate m(2).
-18
Let c(o) = -o**2 - 7*o + 25. What is c(-17)?
-145
Let f(x) = -4*x + 6. Give f(11).
-38
Let a(t) = -4*t**2 + 24*t - 12. Determine a(6).
-12
Let h(x) = -16*x + 4. What is h(-2)?
36
Let v(g) = g**3 + 15*g**2 + 12*g - 28. Determine v(-14).
0
Let h(v) = 3*v**3 - 5*v**2 + 17. Give h(4).
129
Let b(a) = -a**3 + a**2 + 5. Calculate b(0).
5
Let q(h) = 7*h + 3. What is q(5)?
38
Let n(l) = -l**3 + 13*l**2 - 21*l - 7. Determine n(11).
4
Let r(s) = 11*s + 204. Give r(-19).
-5
Let a(o) = -11*o - 2. Calculate a(0).
-2
Let i(j) = 5*j - 12. Determine i(-5).
-37
Let p(t) = 3*t**3 + 7*t**2 - 17*t - 42. Calculate p(-3).
-9
Let x(b) = -3*b**2 + 2*b + 4. Give x(-5).
-81
Let y(o) = o - 25. Give y(7).
-18
Let z(l) = l**3 + l**2 + 2*l + 8. Calculate z(0).
8
Let z(j) = j + 11. Calculate z(-10).
1
Let h(j) = j**3 + 8*j**2 - 2*j + 5. Calculate h(-8).
21
Let g(w) = -w**3 - w**2 - 2*w - 8. Give g(-4).
48
Let r(l) = -l**2 - 66*l + 2041. Calculate r(-89).
-6
Let w(u) = 4*u**2 - 14*u - 5. What is w(2)?
-17
Let k(o) = 2*o + 7. Give k(4).
15
Let a(g) = g**3 + 13*g**2 - 13*g + 20. Determine a(-14).
6
Let o(x) = x + 16. Calculate o(-17).
-1
Let i(o) = -13*o + 207. Give i(16).
-1
Let h(o) = 3*o**2 - o - 11. Determine h(5).
59
Let z(q) = -123*q + 4310. What is z(35)?
5
Let t(a) = 8*a - 2. Calculate t(-6).
-50
Let x(s) = -s**2 + s - 9. Calculate x(-4).
-29